/24 - -1557/2. Let u(g) be the third derivative of 0 + 0*g - 1/6*g**3 - l*g**4 - 18*g**2. Give u(8).
-9
Let f be (2/(-5))/(294/15 - 20). Let h(a) be the second derivative of -7*a**3/6 + 3*a**2/2 + 24*a. Give h(f).
-4
Let u(b) = -64*b**2 + 220*b - 630. Let y(z) = -11*z**2 + 37*z - 105. Let g(f) = 6*u(f) - 35*y(f). What is g(-29)?
11
Let t be ((-54)/(-36))/((-3)/4). Let v = 6 + t. Let q(n) be the second derivative of -n**4/12 + 5*n**3/6 - 3*n**2 + 13*n. Calculate q(v).
-2
Let x(c) = -6 - 4538*c + 5*c**3 - 8*c**2 + 4547*c - 6*c**3. Suppose -2*p - m - 14 = -2*m, 4*p + 5*m = -56. Determine x(p).
-6
Let z(o) = 6*o - 9. Let m be 13/(-14)*-2 - 21/(-147). Calculate z(m).
3
Let n = -80 - -84. Let l(t) = 85*t + n + 0 - 168*t + 86*t. Determine l(-7).
-17
Suppose 5*b + 2*b - 27 = -2*b. Let j(m) = 2. Let d(s) = s + 2. Let o(x) = 4*d(x) - 6*j(x). Calculate o(b).
8
Let s(k) = 88*k**3 + k**2 - k + 1. Let a(n) = -n**3 - 13*n**2 - 31*n - 9. Let f be a(-10). Determine s(f).
89
Let f(o) = o**2 - 14*o + 18. Suppose -49*s + 6729 = 6631. Give f(s).
-6
Let u(r) = r**3 + 8*r**2 - 22*r - 2. Suppose -50*j = 30*j + 44*j + 1364. Give u(j).
-123
Let t(c) = c**3 - 3 + 6*c**2 + 8 + 8*c - 7*c. Let u(h) = -3 + 6*h + 88*h**2 - 3*h - 89*h**2 + 1. Let a be u(-1). Give t(a).
-1
Let r(g) = -g**3 + 2*g**2 + 2*g - 1. Let y = 11058 - 11054. What is r(y)?
-25
Let b(a) = -2*a**3 + a**2 - a - 4. Let f be b(-2). Let p(m) = -2*m**2 + 2 - m - f + 0*m**2 + 16 - 49*m**3. Calculate p(-1).
48
Let m(j) = -3*j**2 + 3*j - 15*j + 2*j**2 - 6 + 6*j. Suppose -3*u + 3*y = 33, 5*u + 35 = 3*y - 2*y. Determine m(u).
-6
Suppose 3*d = -r + 5, 2*r + 5*d + 42 = 51. Let n(j) be the first derivative of -1/2*j**2 + 20 - 1/4*j**4 - r*j - 4/3*j**3. Give n(-3).
-8
Let h(y) = y + 15. Suppose -31 - 15 = 4*b + 2*z, -2*b + z = 25. What is h(b)?
3
Let l(w) = -21*w - 28*w + 56*w - 10*w + 218 - 22*w. Give l(9).
-7
Suppose 4*z = -8, -r + 2*r - 2*z - 8 = 0. Let l(b) = 12 + 0*b - 11 - 5 + 6*b. Give l(r).
20
Let q(k) = -4*k**2 - 3. Let z be 12/72 - (4 + 3/((-108)/246)). Give q(z).
-39
Suppose 108 = 9*a - 9. Suppose 25 = -4*j + m, -2*j + 7*m - 6*m - a = 0. Let d(b) = 4*b + 27. What is d(j)?
3
Let h(g) = 8*g - 9 + g**2 - 3*g - 4*g + 0*g. Let x(t) = -t + 5. Let i be x(-13). Suppose 0 = -i*d + 16*d. Give h(d).
-9
Let u(l) = -l**2 + 13*l + 2. Let m be 567/36*(-32)/(-12). Let g be 6 + 3/(18/m). What is u(g)?
2
Let x(h) = h**3 - 13*h**2 - h + 13. Suppose -42*r + 19*r + 115 = 0. Suppose -4*o - l + 36 = -r*l, -l + 30 = 2*o. Give x(o).
0
Let k(g) = 25*g + 53. Let z(u) = 11*u + 25. Let f(q) = -4*k(q) + 9*z(q). Determine f(4).
9
Let s(l) = -6*l**2 + 3*l + 16. Let v be (45 + -50 - 0) + (7 - -1). Give s(v).
-29
Let m(b) = -b**2 + b - 1. Suppose 30 = -0*c + 10*c. Suppose -c*p - 9 = 0, -3*p = -3*o - 77 + 230. Let d = -45 + o. What is m(d)?
-7
Let s(r) = 12*r + 5. Suppose 10305*c = 10334*c. Calculate s(c).
5
Let s(w) = -17*w - 12. Let l(v) = -8 - 23*v - 16*v - 19 - 10 - 9*v. Let q(p) = 6*l(p) - 17*s(p). Calculate q(10).
-8
Let a(i) be the second derivative of -i**3/3 - i**2/2 - 4*i. Suppose 49*z - 56*z - 1351 = 0. Let f = z + 196. Give a(f).
-7
Let r(c) = -7*c - 413 - 411 - 409 + 1228 + c**2. What is r(-2)?
13
Let g(j) = 6*j - 31. Let o(p) = -5*p + 30. Let m(w) = 4*g(w) + 5*o(w). Suppose 4 = -4*v + 853*l - 857*l, -2*l = 3*v + 2. What is m(v)?
26
Let t be (-14)/(-42)*-4 - 80/30. Let o(m) be the second derivative of m**4/6 + 2*m**3/3 + 3*m**2/2 - m. Determine o(t).
19
Let m(x) be the first derivative of -x**3/3 + 9*x**2/2 - 8*x - 5. What is m(1)?
0
Let n(o) = 8*o - 26. Let y = 4381 + -4381. Calculate n(y).
-26
Let h be -2 + -1 + 3952/1216. Let j(b) be the first derivative of -4 + h*b**4 - b + 0*b**3 + 0*b**2. What is j(0)?
-1
Let a(y) = -180*y**3 + 12*y**2 + 1. Let w(o) = -185*o**3 + 16*o**2 + 1. Let u(v) = -4*a(v) + 3*w(v). Give u(1).
164
Let h(r) = -7*r**3 + 17*r**2 + 8*r - 11. Let a(l) = 9*l**3 - 19*l**2 - 14*l + 10. Let q(c) = -3*a(c) - 4*h(c). What is q(10)?
14
Let v be 5/2 - (-2)/4. Let m(w) = 2*w + 2. Let q be m(0). Let l(r) = -r**3 - 1 + v - 3 - 3*r**q + 0*r**3. What is l(-3)?
-1
Let s = 217 + -214. Suppose -3*l - 37 = 5*m, -5*l = -4*m + s*m + 15. Let u(t) = 2*t**2 + 4*t - 8. Determine u(l).
8
Let b(v) = 28*v**2 - 17*v + 46. Let r(k) = 13*k**2 - 8*k + 21. Let s(u) = 6*b(u) - 13*r(u). Let h(o) = -o**3 - 4*o**2 - o + 3. Let x be h(-3). Calculate s(x).
-12
Let q(r) be the first derivative of -31 - 1/3*r**3 + 4*r + 0*r**2. Determine q(-3).
-5
Let d(m) = -1637*m - 10. Let h(q) = -517*q - 3. Let g(t) = 6*d(t) - 19*h(t). Let i(z) = z**2 - 7*z + 9. Let w be i(6). Determine g(w).
0
Let m be (-10)/(0 - -2) + (180 - 179). Let k(n) = -2*n**3 + n**3 + 5*n**2 + 2*n + 2*n**3 - 2. What is k(m)?
6
Suppose -2 = 5*y - 12. Let w(r) = 15*r**2 - 11*r + 361. Let a(l) = -8*l**2 + 6*l - 197. Let f(s) = 11*a(s) + 6*w(s). Calculate f(y).
7
Let f(c) = -c**2 + 40*c + 123. Let s be 3/4*((-290)/(-29) - (21 - 7)). What is f(s)?
-6
Let a(u) = u**3 - 10*u**2 - 6*u + 8. Suppose 106*c + 192*c = 2365 + 913. What is a(c)?
63
Let u(w) be the third derivative of w**4/6 + 41*w**3/3 + 11*w**2 - w + 2. Calculate u(-9).
46
Let z(u) = 27*u**2 + 57*u - 1. Let o(k) = 4*k**2 + 8*k. Let q(r) = -29*o(r) + 4*z(r). What is q(-1)?
-8
Let o be ((-14)/(-8))/(2/32). Suppose 9*b - 1 = -o. Let u(r) = -6*r - 2. What is u(b)?
16
Let z = 3 - 3. Suppose z = -3*c + 36 - 15. Let k(d) be the first derivative of -3*d**2/2 + 10*d + 21. Determine k(c).
-11
Let s(n) = 3*n + 2. Let u = 250 + -393. Let m = u - -151. Calculate s(m).
26
Let i(z) be the first derivative of -116 + z - 7/2*z**2. Give i(3).
-20
Let n(i) = i**2 + 3*i + 4. Suppose 5*h - 16*s + 27 = -13*s, -h - 7 = s. What is n(h)?
22
Let p(m) = -7 - 30*m + 8*m + 3*m**2 + 5*m - 20*m**3 + 19*m**3 + 32. Calculate p(2).
-5
Let h(o) = -2 - 35 + 6 + 12*o - 14 + 15*o. What is h(2)?
9
Suppose 0*u + u = 45. Let b = 50 - u. Let j(t) = -2 + 1 - 6*t + b*t**2 + 7*t - t**2. Determine j(1).
4
Let o(m) be the third derivative of 5/6*m**3 - 1/6*m**4 - 19*m**2 + 4 + 1/120*m**6 + 0*m - 1/12*m**5. Let i(l) = l + 5. Let d be i(0). Determine o(d).
-15
Let o(w) be the third derivative of -w**5/60 + w**3/6 - 2088*w**2. Let y(m) = m**3 + 7*m**2 + m + 8. Let j be y(-7). Suppose -n + j = -2*n. Calculate o(n).
0
Let h(n) = 2 + 438*n + 424*n - 6*n**3 - 4*n**2 + 421*n - 1282*n + 3*n**3 + 4*n**3. Suppose 4*y = 3*q - 22, 0*q - 2*y + 10 = 2*q. Let l = q - 4. Give h(l).
-4
Let t(p) = p**2 + 6*p - 2. Let x = 378 + -372. Suppose 12 - 42 = x*h. Give t(h).
-7
Suppose 6*i = -2*i + 80. Let a be (-18)/(-4)*i/15. Let o(u) = 6*u**2 - 1 + u**a + 6*u + 0 + 1 + 7. Calculate o(-5).
2
Let c be (-6)/(-8) - (-17)/4. Suppose -4*a - 2*m + 4 = -6*a, m = -c*a + 14. Let q be 0/(3/(-3)) + a. Let z(s) = 7*s - 2. Give z(q).
12
Let s(u) = 5*u**2 + 116*u + 665. Let t be s(-10). Let c(b) be the second derivative of b**5/20 - b**4/3 - 2*b**3/3 - 7*b**2/2 - b. What is c(t)?
-2
Suppose -8*v - 44 = -30*v. Let h(u) = 34*u**v - 1 + u**3 - 33*u**2 - 2*u + 0. Give h(2).
7
Let a(m) = 11*m + 248. Let p(t) = 7*t + 154. Let g(q) = 5*a(q) - 8*p(q). Let i(s) = s**3 + 5*s**2 + 4*s + 6. Let o be i(-4). Calculate g(o).
2
Let a(r) = 37*r + 65. Let d(n) = -18*n - 7. Let w(x) = a(x) + 2*d(x). Give w(-29).
22
Let w(h) = -5*h + 1. Let o(t) = 10*t - 830. Let d be o(83). What is w(d)?
1
Suppose -5*n + 96 - 536 = 0. Let s be 4/22 + (-776)/n. Let l(y) = -s + 10 + y**2 + 2 + 6*y. What is l(-6)?
3
Let r be (-8 - -9) + 1 + -1 + 0. Let w(h) = -h**3 + h - 2*h**2 - r - 4 + 2. What is w(-4)?
25
Let s = 1 + -11. Let p = s - -12. Let w(z) = 7*z**3 - 3*z**2 - 10*z - 7. Let h(c) = -6*c**3 + 3*c**2 + 8*c + 6. Let k(l) = -6*h(l) - 5*w(l). Give k(p).
-1
Let l(c) = 2*c**3 - 2*c - 1. Let z(p) = -5*p**3 + 12*p**2 - 8*p - 2. Let h(q) = -2*l(q) - z(q). Suppose 6*f = -5 + 71. Determine h(f).
15
Let n(k) be the third derivative of 3 + k**2 - 5/6*k**3 + 0*k - 1/24*k**4. Calculate n(-2).
-3
Let o = 3192 - 3193. Let z(r) = r**3 - r**2 + 1. Determine z(o).
-1
Let s(j) be the second derivative of -j**4/12 - 5*j**3/6 + 11*j**2 - 3433*j. Give s(-8).
-2
Let n = 827 + -825. Let l(m) = 0*m - 3*m**n + 40 - 2*m + 5*m - 41. Give l(2).
-7
Let o(j) = 3*j**3 + 7*j**2 - 8*j + 1. Suppose -19*a + 20 = -24*a. Let c(u) = 2*u**3 + 7*u**2 - 8*u + 1. Let g(x) = a*c(x) + 3*